. Let c = 4048 + -4058. Determine k(c).
-15
Let z(k) = -k**2 + 3*k + 6. Let s(t) = 2*t + 1 + 2*t - 8*t + 3*t. Let j(l) = -2*s(l) + z(l). Let m(b) = -5*b**3 + b**2. Let c be m(-1). What is j(c)?
-2
Let d(m) = 206*m + 933. Let i(k) = 75*k + 466. Let v(y) = 3*d(y) - 7*i(y). What is v(5)?
2
Let b(v) = v**3 + 3*v**2 + v - 1. Let p(t) = t**2 - 5*t + 18. Let i(g) = 3*g. Let o(z) = -5*i(z) - p(z). Let l be o(-8). Calculate b(l).
1
Let t(h) = h**2 - h - 8. Let v = 147 - 151. Let k be v/10 - 224/40. Determine t(k).
34
Let a(u) = u + 2. Let q(y) = -1. Let i(o) = a(o) + 4*q(o). Let z = 81 + -180. Let m = z + 105. What is i(m)?
4
Let f(t) = -2*t - 12. Let m be 570/13 + 84/546. Suppose -m*j + 18*j = 260. What is f(j)?
8
Let x = -13 - -2. Let w(p) = 4*p**3 + 9*p**2 + 5*p + 16. Let i(u) = 7*u**3 + 19*u**2 + 12*u + 29. Let k(z) = -3*i(z) + 5*w(z). Give k(x).
-7
Let p(z) be the third derivative of -1/3*z**4 + 1/60*z**5 + 0 - 2*z + 37*z**2 - 1/6*z**3. Give p(10).
19
Let m(v) = -6*v - 3*v - 345 + 355 + v**2. Let y be (98/21)/(1/3). Let s = -7 + y. What is m(s)?
-4
Let m(f) = -f + 144. Let v(g) = 4*g - 650. Let b(w) = 9*m(w) + 2*v(w). Let k be 26/(-10) - (-2)/(-5). What is b(k)?
-1
Let o(r) = 185*r + 2*r**2 - 187*r - 4614 + 4603. Determine o(5).
29
Suppose -2*c + 12 + 14 = 5*n, -22 = -2*c - 3*n. Suppose 0*r + c = 8*r. Let p(y) = -19*y**2 + y - 1. What is p(r)?
-19
Let p(f) = -2*f - 1. Let o = -538 + 563. Let b(t) = t**2 - 27*t + 43. Let a be b(o). Give p(a).
13
Let k(v) be the first derivative of 2*v**2 - 4*v + 14249. Suppose g + r = 0, -5*g + 2*r + 2*r + 18 = 0. Calculate k(g).
4
Let b = -2104 + 2096. Let z(o) = o**3 + 10*o**2 + 16*o + 1. Calculate z(b).
1
Let j(v) = -25*v**2 - 18*v**2 + 85*v**2 + 3 + 10 - 27*v**2 - 9*v - 5*v**3. Let i(a) = -a**3 + a**2 + 1. Let y(o) = 6*i(o) - j(o). Calculate y(-10).
3
Let h(l) = 8*l + 128. Suppose -37 = 12*s - 11*s - 3*i, i = 4*s + 71. Determine h(s).
0
Let a be (2/4)/((-12)/(-168)). Let b(j) be the first derivative of j**2/2 - 5*j + 186. Calculate b(a).
2
Let y(m) = m**3 - 13*m**2 + 38*m + 18. Let u(t) = -568*t - 8514. Let j be u(-15). Give y(j).
-6
Let k(m) = -6*m + 54. Let y be (2 - -1)*2 + (-18)/2. Let n(b) = b - 10. Let a(g) = y*k(g) - 16*n(g). Determine a(-2).
-6
Let b(y) be the second derivative of -7*y**4/12 - 5*y**3/2 - 9*y**2/2 + y + 700. Calculate b(-2).
-7
Let o(v) be the first derivative of v**2/2 - 12*v - 253. Calculate o(7).
-5
Let s be (29/22 + (-16)/(-88))*2. Let z(a) = a**s - 7*a**2 + 24 + 7 - 3*a - 21. Give z(7).
-11
Let r be -2*((-49)/2 + 5 + 9). Let p(s) = -s + 11. What is p(r)?
-10
Let o(i) = 73*i + 17. Let f(c) = 440*c + 107. Let s(h) = -3*f(h) + 19*o(h). What is s(2)?
136
Let f(y) = -y**3 - 9*y**2 + 9. Let j(u) = -2*u**2 - 20*u + 112. Let i be j(16). Let g = i - -711. Calculate f(g).
9
Suppose -24 = 4*m + 4*j - 2*j, -12 = 2*j. Let q(r) = -2*r**3 - 6*r**2 - 5*r - 1. Calculate q(m).
14
Let o(d) = 92*d - 179*d - 8 + 88*d + 2 - 4. Let y(h) = -h**2 + 7*h + 1. Let r be y(7). Let u be 0 - 0*(r + 0). Calculate o(u).
-10
Let p(f) = -7*f. Let r(y) = 3*y**2 - 3*y. Let a be r(2). Let g(x) = -2*x + a*x - 12*x + 7*x. Let n(t) = 6*g(t) - p(t). What is n(-4)?
-4
Let g(i) be the second derivative of -i**3/3 - 23*i**2 - 629*i + 2. Give g(-25).
4
Let v(w) = -6*w**3 + 14*w**2 + 57*w + 45. Let f(c) = -c**3 + 3*c**2 + 10*c + 9. Let o(n) = -11*f(n) + 2*v(n). Determine o(0).
-9
Let c(x) = x**2 + 8*x - 1. Let k(p) = -38*p - 3*p**2 + 37*p - 11 - 5*p**3 - 11*p**2 + 4*p**3. Let s be k(-14). Suppose -17 = s*h + l, -4*l + 11 = 31. Give c(h).
-17
Let c = 97 - 29. Let v = 72 - c. Suppose 2*m = v + 6, 5*m = j + 37. Let o(d) = d**2 + 13*d + 14. What is o(j)?
2
Let v(r) be the first derivative of -3*r + 72 - 1/3*r**3 - 3/2*r**2. Let i(y) = y**3 - 10*y**2 + y - 13. Let d be i(10). Calculate v(d).
-3
Let v = 2717 - 2728. Let f(b) = 2*b**3 + 21*b**2 - 13*b - 19. What is f(v)?
3
Let o(v) = 76*v - 838. Let k(f) = 544*f - 5866. Let n(t) = -3*k(t) + 22*o(t). Give n(21).
2
Let s(k) = 2*k**2 + k - 2. Let r be (-345)/46*48/(-10). Let l be (-17)/((-510)/r)*5/(-2). Calculate s(l).
13
Let g(f) = -f - 3. Let l(m) = m**2 + 10*m + 7. Let b(z) = -z**2 - 10*z - 6. Let c(s) = -2*b(s) - 3*l(s). Let j = 130 + -139. Let t be c(j). Determine g(t).
-3
Let b(q) = -q**3 + 8*q**2 + 7*q - 4. Suppose -8 = -4*v, -39*v - 34 = -3*t - 44*v. Give b(t).
52
Suppose 3*w = 4*w - 5. Let m(x) be the third derivative of x**6/120 - x**5/10 + x**4/4 + x**3/2 + 5*x**2 - 275*x - 2. Determine m(w).
8
Let b(m) = -22*m - 1. Let x be b(-4). Let u = x + -85. Let y(v) = 1 - 500*v - u + 504*v. Give y(-1).
-5
Let w(p) = 12*p**2 - 5*p + 6. Let x be 561/99*(-6)/(-34). Determine w(x).
13
Suppose -4 = 25*y - 21*y, 3*m + y - 35 = 0. Let l(j) = 3*j - 26. Determine l(m).
10
Let t(d) = d**2 - 10*d - 52. Suppose -203 = -18*p + 85. What is t(p)?
44
Let a(p) = -4*p**2 + 25*p - 32. Let m(x) = -2*x**2 + 13*x - 17. Let q = -340 + 351. Let h(k) = q*m(k) - 6*a(k). What is h(4)?
9
Let r(k) be the second derivative of 6*k**2 + 11*k + 1/2*k**3 + 0 - 1/3*k**4. Let h(x) be the first derivative of r(x). Calculate h(2).
-13
Let w(y) = -2*y**3 - 21*y**2 + 11*y - 11. Suppose 0 = f + 5*k - 14, 64*f = 66*f - 4*k + 42. Give w(f).
-11
Let l(o) be the second derivative of -o**6/360 - 7*o**5/120 + 5*o**4/4 - o**2 - 34*o. Let i(w) be the third derivative of l(w). Calculate i(-5).
3
Let o(l) = 135*l**3 + 146*l**3 + 7 - 4 - 13*l - 282*l**3 - 10*l**2 - 15. What is o(-8)?
-36
Let y(z) be the second derivative of z**5/10 + 11*z**4/12 + 23*z**3/6 + 107*z**2/2 - 9607*z. Determine y(-5).
17
Let s(p) = -26*p - 114. Let u(l) = -13*l - 56. Let a(y) = 3*s(y) - 5*u(y). What is a(-5)?
3
Let y(p) be the second derivative of -31 - 1/6*p**3 - 2*p + 0*p**2. Calculate y(-3).
3
Let d(f) = -f + 10. Let y(l) = l**3 + 2*l**2 - 36*l - 9. Let u be y(-7). Let c be -1 + u - (7 - (-6 + 8)). Give d(c).
18
Let m(a) = -a**3 + a**2 - a + 1. Let y be (6/(-10))/(7*11/(-385)). Give m(y).
-20
Suppose 0*a + 9 = 3*a. Suppose 5*z = 4*l + 20, 2*l + 0*l = -a*z + 34. Let c(d) = -7*d**3 - 5*d**2 + 8*d**3 - 8 - 2*d**2 - 6*d. Give c(z).
8
Let o(r) = 3676 - 8*r + 3724 - 7449. Calculate o(-8).
15
Let f(r) = -3*r - 27. Let j(n) = -n. Let y(h) = -f(h) + 6*j(h). Let p be y(9). Let t(g) = g - g**2 + 3 + 7 - g**3 + 0*g**2. Calculate t(p).
10
Let v(z) be the first derivative of 28 - 9/2*z**2 + z + 1/3*z**3. What is v(8)?
-7
Let f(z) be the third derivative of -z**6/240 + 9*z**5/40 + z**4/12 - 21*z**3 - z**2 + 151*z. Let t(s) be the second derivative of f(s). Give t(7).
6
Suppose -3*k + 2509 = -16*k. Let r = k + 186. Let c(u) be the third derivative of u**6/120 + u**5/10 - u**4/4 + 4*u**3/3 + 2*u**2. Give c(r).
1
Let y(r) = -4*r**3 + r**2 + 5*r - 1. Let s(q) = 5*q**3 - 2*q**2 - 6*q + 2. Let o(a) = 3*s(a) + 4*y(a). Calculate o(2).
-10
Let u(y) = 55*y - 27. Let k(r) = -8*r + 3. Let q(d) = -14*k(d) - 2*u(d). Suppose 2*h + 0*h = 3*b - 17, -b - 2*h = 5. Suppose -c + b = 11. Calculate q(c).
-4
Suppose 56*f = 5*f - 27*f - 780. Let x(b) be the third derivative of -b**4/12 - 25*b**3/6 + 7*b**2. Determine x(f).
-5
Let j = -561 + 574. Let u(r) = 3*r**3 - r**2 + r - 1. Let b be u(2). Suppose j = d + b. Let c(p) = p**3 + 8*p**2 + 4. Give c(d).
4
Let p(c) = 2*c**3 - 3*c**2 + 3*c - 2. Let w = -125 - -119. Let n(r) = r. Let h be n(w). Let v be 48/27 + 0 + h/(-27). What is p(v)?
8
Suppose -17 = -j - 15. Let m(v) = -v**3 - 11*v - 11*v**j - 1 + 11*v. Determine m(-11).
-1
Let g = -143 - 25. Let m = -175 - g. Let q(d) = -d**2 - 7*d + 6. Give q(m).
6
Let g(j) = 4*j**3 + 14*j**2 + 85*j + 4. Let k(n) = -3*n**3 - 9*n**2 - 63*n - 2. Let h(q) = -5*g(q) - 7*k(q). What is h(3)?
6
Let h(u) be the first derivative of u**4/4 - u**3/3 - 3*u + 1021. Let s(f) = 4*f**3 + 2*f**2 + f. Let d be s(-1). Let q = d - -3. Calculate h(q).
-3
Let p(l) be the second derivative of l**3/2 + 9*l**2/2 + 2*l. Let r be (-14 + -3)*645/2193. What is p(r)?
-6
Let z(h) = -2*h - 3. Let s be 74/(-30)*-12 + (-6)/(-15). Suppose -5*t + 14 = -3*f - 20, -5*f - s = -3*t. Calculate z(t).
-13
Let b(h) = -25*h**2 + 397*h + 37. Let x be b(16). Let o(j) = -j**3 - 13*j**2 - 25*j - 44. Determine o(x).
-11
Suppose -28 = -4*j - 8. Suppose -34 = -j*b - 9. Let q(r) = -4*r**2 - 9*r + 3*r + 3 - 4 + 4*r + 0*r + r**3. Calculate q(b).
14
Let x(h) = 